prime factors of 4190.
2, 5, 419
List the prime factors of 9475.
5, 379
List the prime factors of 1783.
1783
List the prime factors of 2322.
2, 3, 43
List the prime factors of 52963.
52963
What are the prime factors of 8955?
3, 5, 199
What are the prime factors of 14168?
2, 7, 11, 23
List the prime factors of 78251.
17, 4603
What are the prime factors of 11200?
2, 5, 7
What are the prime factors of 2838?
2, 3, 11, 43
What are the prime factors of 9?
3
List the prime factors of 3065.
5, 613
List the prime factors of 43765.
5, 8753
What are the prime factors of 3817?
11, 347
List the prime factors of 33380.
2, 5, 1669
List the prime factors of 34103.
67, 509
List the prime factors of 19240.
2, 5, 13, 37
What are the prime factors of 6218?
2, 3109
What are the prime factors of 898?
2, 449
List the prime factors of 12548.
2, 3137
List the prime factors of 7261.
53, 137
What are the prime factors of 2742?
2, 3, 457
List the prime factors of 278.
2, 139
List the prime factors of 2091.
3, 17, 41
List the prime factors of 8203.
13, 631
List the prime factors of 807.
3, 269
What are the prime factors of 3305?
5, 661
List the prime factors of 21390.
2, 3, 5, 23, 31
What are the prime factors of 89975?
5, 59, 61
List the prime factors of 5678.
2, 17, 167
List the prime factors of 1874.
2, 937
What are the prime factors of 211?
211
List the prime factors of 74319.
3, 7, 3539
List the prime factors of 10061.
10061
What are the prime factors of 49769?
157, 317
What are the prime factors of 13801?
37, 373
List the prime factors of 129.
3, 43
List the prime factors of 10844.
2, 2711
What are the prime factors of 13164?
2, 3, 1097
What are the prime factors of 5020?
2, 5, 251
What are the prime factors of 4309?
31, 139
What are the prime factors of 1464?
2, 3, 61
List the prime factors of 981.
3, 109
List the prime factors of 10011.
3, 47, 71
List the prime factors of 1531.
1531
What are the prime factors of 3459?
3, 1153
List the prime factors of 7634.
2, 11, 347
What are the prime factors of 86705?
5, 17341
What are the prime factors of 1229?
1229
List the prime factors of 1716.
2, 3, 11, 13
List the prime factors of 12739.
12739
What are the prime factors of 3174?
2, 3, 23
List the prime factors of 1499.
1499
What are the prime factors of 5232?
2, 3, 109
What are the prime factors of 38322?
2, 3, 2129
List the prime factors of 2841.
3, 947
List the prime factors of 4473.
3, 7, 71
List the prime factors of 34290.
2, 3, 5, 127
List the prime factors of 4567.
4567
What are the prime factors of 17882?
2, 8941
What are the prime factors of 840?
2, 3, 5, 7
List the prime factors of 17517.
3, 5839
What are the prime factors of 9721?
9721
What are the prime factors of 669?
3, 223
List the prime factors of 15569.
15569
List the prime factors of 1406.
2, 19, 37
What are the prime factors of 33982?
2, 13, 1307
List the prime factors of 14197.
14197
List the prime factors of 1839.
3, 613
What are the prime factors of 19405?
5, 3881
List the prime factors of 11416.
2, 1427
List the prime factors of 83.
83
List the prime factors of 13119.
3, 4373
List the prime factors of 425.
5, 17
List the prime factors of 67072.
2, 131
List the prime factors of 59275.
5, 2371
List the prime factors of 90755.
5, 7, 2593
What are the prime factors of 7294?
2, 7, 521
What are the prime factors of 1412?
2, 353
List the prime factors of 15230.
2, 5, 1523
List the prime factors of 4559.
47, 97
List the prime factors of 1500.
2, 3, 5
List the prime factors of 2673.
3, 11
What are the prime factors of 20703?
3, 67, 103
What are the prime factors of 2727?
3, 101
List the prime factors of 20537.
11, 1867
List the prime factors of 10414.
2, 41, 127
List the prime factors of 20292.
2, 3, 19, 89
List the prime factors of 121892.
2, 31, 983
List the prime factors of 3423.
3, 7, 163
What are the prime factors of 5832?
2, 3
List the prime factors of 38760.
2, 3, 5, 17, 19
What are the prime factors of 6409?
13, 17, 29
What are the prime factors of 2415?
3, 5, 7, 23
What are the prime factors of 28686?
2, 3, 7, 683
List the prime factors of 264.
2, 3, 11
What are the prime factors of 98695?
5, 19739
What are the prime factors of 1070?
2, 5, 107
What are the prime factors of 1334?
2, 23, 29
What are the prime factors of 55221?
3, 79, 233
What are the prime factors of 15172?
2, 3793
What are the prime factors of 11306?
2, 5653
List the prime factors of 52505.
5, 10501
List the prime factors of 1095.
3, 5, 73
What are the prime factors of 544?
2, 17
What are the prime factors of 3667?
19, 193
List the prime factors of 13912.
2, 37, 47
List the prime factors of 14243.
14243
What are the prime factors of 5502?
2, 3, 7, 131
What are the prime factors of 20390?
2, 5, 2039
List the prime factors of 9506.
2, 7, 97
List the prime factors of 13174.
2, 7, 941
What are the prime factors of 3967?
3967
List the prime factors of 839.
839
What are the prime factors of 6002?
2, 3001
What are the prime factors of 8605?
5, 1721
What are the prime factors of 3960?
2, 3, 5, 11
List the prime factors of 13704.
2, 3, 571
List the prime factors of 22896.
2, 3, 53
List the prime factors of 4320.
2, 3, 5
List the prime factors of 826.
2, 7, 59
What are the prime factors of 4564?
2, 7, 163
What are the prime factors of 66586?
2, 13, 197
List the prime factors of 285.
3, 5, 19
List the prime factors of 46632.
2, 3, 29, 67
What are the prime factors of 21261?
3, 19, 373
What are the prime factors of 5649?
3, 7, 269
List the prime factors of 6494.
2, 17, 191
What are the prime factors of 12412?
2, 29, 107
List the prime factors of 128180.
2, 5, 13, 17, 29
List the prime factors of 58188.
2, 3, 13, 373
What are the prime factors of 11634?
2, 3, 7, 277
What are the prime factors of 10075?
5, 13, 31
What are the prime factors of 106095?
3, 5, 11, 643
List the prime factors of 32074.
2, 7, 29, 79
What are the prime factors of 11624?
2, 1453
List the prime factors of 89.
89
What are the prime factors of 27268?
2, 17, 401
What are the prime factors of 1775?
5, 71
List the prime factors of 1147.
31, 37
List the prime factors of 133167.
3, 44389
What are the prime factors of 831?
3, 277
What are the prime factors of 1239?
3, 7, 59
What are the prime factors of 7176?
2, 3, 13, 23
List the prime factors of 34092.
2, 3, 947
What are the prime factors of 23724?
2, 3, 659
What are the prime factors of 32009?
32009
What are the prime factors of 10418?
2, 5209
What are the prime factors of 40413?
3, 19, 709
What are the prime factors of 1268?
2, 317
List the prime factors of 2650.
2, 5, 53
What are the prime factors of 1026?
2, 3, 19
What are the prime factors of 49449?
3, 53, 311
List the prime factors of 7353.
3, 19, 43
What are the prime factors of 28220?
2, 5, 17, 83
List the prime factors of 3854.
2, 41, 47
List the prime factors of 4812.
2, 3, 401
List the prime factors of 11327.
47, 241
What are the prime factors of 224?
2, 7
What are the prime factors of 800?
2, 5
List the prime factors of 629.
17, 37
What are the prime factors of 20822?
2, 29, 359
What are the prime factors of 4331?
61, 71
List the prime factors of 14701.
61, 241
What are the prime factors of 15475?
5, 619
What are the prime factors of 49?
7
What are the prime factors of 158?
2, 79
What are the prime factors of 47?
47
List the prime factors of 44.
2, 11
What are the prime factors of 690?
2, 3, 5, 23
What are the prime factors of 41972?
2, 7, 1499
What are the prime factors of 933?
3, 311
What are the prime factors of 1946?
2, 7, 139
List the prime factors of 488.
2, 61
What are the prime factors of 8530?
2, 5, 853
What are the prime factors of 1193?
1193
List the prime factors of 3660.
2, 3, 5, 61
What are the prime factors of 7360?
2, 5, 23
What are the prime factors of 55642?
2, 43, 647
List the prime factors of 3818.
2, 23, 83
What are the prime factors of 5584?
2, 349
What are the prime factors of 35038?
2, 17519
What are the prime factors of 669?
3, 223
List the prime factors of 7353.
3, 19, 43
List the prime factors of 199.
199
List the prime factors of 20211.
3, 6737
List the prime factors of 2317.
7, 331
List the prime factors of 27034.
2, 7, 1931
List the prime factors of 82309.
53, 1553
List the prime factors of 2372.
2, 593
What are the prime factors of 1